{"id":3437,"date":"2023-05-15T16:58:24","date_gmt":"2023-05-15T14:58:24","guid":{"rendered":"https:\/\/faismoifondrebyc.com\/?post_type=product&#038;p=3437"},"modified":"2026-05-03T22:12:14","modified_gmt":"2026-05-03T20:12:14","slug":"diffuseur-batonnet","status":"publish","type":"product","link":"https:\/\/faismoifondrebyc.com\/index.php\/product\/diffuseur-batonnet\/","title":{"rendered":"Diffuseur b\u00e2tonnet"},"content":{"rendered":"<p>Le diffuseur b\u00e2tonnet est id\u00e9al pour vos petites pi\u00e8ces, il diffuse en continue le parfum de votre choix. Avec une base v\u00e9g\u00e9tal vous pouvez profiter de son parfum d\u00e9licat sans aucun risque pour le reste de la famille.<\/p>\n<p>Le diffuseur b\u00e2tonnet se d\u00e9cline avec un capuchon noir ou or et des b\u00e2tonnets naturel ou noir selon votre choix pour une contenance de 100ml et une dur\u00e9e d&rsquo;utilisation de plus de 4 semaines.<\/p>\n<h6>Merci de mettre en commentaire de votre commande la senteur choisie parmi les 30 senteurs permanentes.<\/h6>\n<p>Pour continuer l\u2019exp\u00e9rience de votre senteur pr\u00e9f\u00e9r\u00e9e chez vous, \u00e9quipez vous <a href=\"https:\/\/faismoifondrebyc.com\/index.php\/product-category\/brules-parfum\/\">d\u2019un br\u00fbleur,<\/a> de <a href=\"https:\/\/faismoifondrebyc.com\/index.php\/product\/bougie-chauffe-plat\/\">bougies chauffe-plat<\/a> et de <a href=\"https:\/\/faismoifondrebyc.com\/index.php\/product-category\/fondants-parfumes\/\">fondants parfum\u00e9s<\/a>.<\/p>\n<h6><\/h6>\n<h6>Mati\u00e8res Premi\u00e8res<\/h6>\n<ul>\n<li>Base: \u00a0solvant \u00e0 base de glyc\u00e9rine qui s\u2019appuie principalement sur la culture du soja dont cette derni\u00e8re est un produit d\u00e9riv\u00e9. Il est \u00e9co-responsable gr\u00e2ce \u00e0 sa faible empreinte carbone et sa non-toxicit\u00e9.<\/li>\n<li>Parfums de grasse sans CMR ni phtalates.<\/li>\n<li>Les contenants de nos diffuseurs de parfum sont en verre recycl\u00e9 con\u00e7u en Europe<\/li>\n<li>b\u00e2tonnet en fibre naturelle<\/li>\n<\/ul>\n<p>Pr\u00e9voir 24 heures pour que le liquide absorbe compl\u00e8tement les b\u00e2tonnets et parfume la pi\u00e8ce.<\/p>\n<p>Pensez \u00e0 bien mettre la totalit\u00e9 des b\u00e2tonnets fournis dans le kit .<\/p>\n<p>Retournez une fois par semaine les b\u00e2tonnets afin de renouveler l\u2019intensit\u00e9 du diffuseur.<\/p>\n<p><strong>Pr\u00e9cautions d&rsquo;utilisations:<\/strong><\/p>\n<ul>\n<li>\u00a0Conserver hors de port\u00e9e des enfants.<\/li>\n<li><span style=\"font-size: 16px;\">\u00c9viter le rejet dans l\u2019environnement<\/span><\/li>\n<li><span style=\"font-size: 16px;\">\u00c9viter le contact avec la peau et les yeux.<\/span><\/li>\n<li><span style=\"font-size: 16px;\">Attention en cas de renversement accidentel risque d\u2019endommager vos meubles.<\/span><\/li>\n<li><span style=\"font-size: 16px;\">\u00a0Tenir \u00e0 l&rsquo;\u00e9cart de toute source de chaleur ou d&rsquo;une flamme.<\/span><\/li>\n<\/ul>\n<p>&nbsp;<\/p>\n","protected":false},"excerpt":{"rendered":"<p>Nos diffuseurs b\u00e2tonnets diffuse une d\u00e9licate odeur dans votre int\u00e9rieur en continue.<\/p>\n<p>Id\u00e9al pour des petites pi\u00e8ces ( chambres, salle de bain, WC, bureau \u2026)<\/p>\n","protected":false},"featured_media":3452,"template":"","meta":{"site-sidebar-layout":"default","site-content-layout":"default","ast-site-content-layout":"default","site-content-style":"default","site-sidebar-style":"default","ast-global-header-display":"","ast-banner-title-visibility":"","ast-main-header-display":"","ast-hfb-above-header-display":"","ast-hfb-below-header-display":"","ast-hfb-mobile-header-display":"","site-post-title":"","ast-breadcrumbs-content":"","ast-featured-img":"","footer-sml-layout":"","ast-disable-related-posts":"","theme-transparent-header-meta":"default","adv-header-id-meta":"","stick-header-meta":"","header-above-stick-meta":"","header-main-stick-meta":"","header-below-stick-meta":"","astra-migrate-meta-layouts":"set","ast-page-background-enabled":"default","ast-page-background-meta":{"desktop":{"background-color":"var(--ast-global-color-4)","background-image":"","background-repeat":"repeat","background-position":"center center","background-size":"auto","background-attachment":"scroll","background-type":"","background-media":"","overlay-type":"","overlay-color":"","overlay-opacity":"","overlay-gradient":""},"tablet":{"background-color":"","background-image":"","background-repeat":"repeat","background-position":"center center","background-size":"auto","background-attachment":"scroll","background-type":"","background-media":"","overlay-type":"","overlay-color":"","overlay-opacity":"","overlay-gradient":""},"mobile":{"background-color":"","background-image":"","background-repeat":"repeat","background-position":"center center","background-size":"auto","background-attachment":"scroll","background-type":"","background-media":"","overlay-type":"","overlay-color":"","overlay-opacity":"","overlay-gradient":""}},"ast-content-background-meta":{"desktop":{"background-color":"var(--ast-global-color-5)","background-image":"","background-repeat":"repeat","background-position":"center center","background-size":"auto","background-attachment":"scroll","background-type":"","background-media":"","overlay-type":"","overlay-color":"","overlay-opacity":"","overlay-gradient":""},"tablet":{"background-color":"var(--ast-global-color-5)","background-image":"","background-repeat":"repeat","background-position":"center center","background-size":"auto","background-attachment":"scroll","background-type":"","background-media":"","overlay-type":"","overlay-color":"","overlay-opacity":"","overlay-gradient":""},"mobile":{"background-color":"var(--ast-global-color-5)","background-image":"","background-repeat":"repeat","background-position":"center center","background-size":"auto","background-attachment":"scroll","background-type":"","background-media":"","overlay-type":"","overlay-color":"","overlay-opacity":"","overlay-gradient":""}}},"product_brand":[],"product_cat":[26],"product_tag":[],"class_list":{"0":"post-3437","1":"product","2":"type-product","3":"status-publish","4":"has-post-thumbnail","6":"product_cat-diffuseur-parfume","7":"desktop-align-left","8":"tablet-align-left","9":"mobile-align-left","10":"ast-product-gallery-layout-horizontal-slider","11":"ast-product-single-variable","12":"ast-product-tabs-layout-horizontal","14":"first","15":"instock","16":"shipping-taxable","17":"purchasable","18":"product-type-variable"},"yoast_head":"<!-- This site is optimized with the Yoast SEO plugin v27.4 - https:\/\/yoast.com\/product\/yoast-seo-wordpress\/ -->\n<title>Diffuseur b\u00e2tonnet - Fais moi fondre<\/title>\n<meta name=\"description\" content=\"le diffuseur b\u00e2tonnet diffuse une d\u00e9licate odeur dans votre int\u00e9rieur en continue con\u00e7ues avec une base v\u00e9g\u00e9tale et des parfums de Grasse.\" \/>\n<meta name=\"robots\" content=\"index, follow, max-snippet:-1, max-image-preview:large, max-video-preview:-1\" \/>\n<link rel=\"canonical\" href=\"https:\/\/faismoifondrebyc.com\/index.php\/product\/diffuseur-batonnet\/\" \/>\n<meta property=\"og:locale\" content=\"fr_FR\" \/>\n<meta property=\"og:type\" content=\"article\" \/>\n<meta property=\"og:title\" content=\"Diffuseur b\u00e2tonnet - Fais moi fondre\" \/>\n<meta property=\"og:description\" content=\"le diffuseur b\u00e2tonnet diffuse une d\u00e9licate odeur dans votre int\u00e9rieur en continue con\u00e7ues avec une base v\u00e9g\u00e9tale et des parfums de Grasse.\" \/>\n<meta property=\"og:url\" content=\"https:\/\/faismoifondrebyc.com\/index.php\/product\/diffuseur-batonnet\/\" \/>\n<meta property=\"og:site_name\" content=\"Fais moi fondre\" \/>\n<meta property=\"article:publisher\" content=\"https:\/\/www.facebook.com\/faismoifondrebyC\" \/>\n<meta property=\"article:modified_time\" content=\"2026-05-03T20:12:14+00:00\" \/>\n<meta property=\"og:image\" content=\"https:\/\/faismoifondrebyc.com\/wp-content\/uploads\/2023\/05\/IMG_5390-scaled-e1685091901838.jpg\" \/>\n\t<meta property=\"og:image:width\" content=\"1440\" \/>\n\t<meta property=\"og:image:height\" content=\"1920\" \/>\n\t<meta property=\"og:image:type\" content=\"image\/jpeg\" \/>\n<meta name=\"twitter:card\" content=\"summary_large_image\" \/>\n<meta name=\"twitter:label1\" content=\"Dur\u00e9e de lecture estim\u00e9e\" \/>\n\t<meta name=\"twitter:data1\" content=\"2 minutes\" \/>\n<script type=\"application\/ld+json\" class=\"yoast-schema-graph\">{\"@context\":\"https:\\\/\\\/schema.org\",\"@graph\":[{\"@type\":\"WebPage\",\"@id\":\"https:\\\/\\\/faismoifondrebyc.com\\\/index.php\\\/product\\\/diffuseur-batonnet\\\/\",\"url\":\"https:\\\/\\\/faismoifondrebyc.com\\\/index.php\\\/product\\\/diffuseur-batonnet\\\/\",\"name\":\"Diffuseur b\u00e2tonnet - Fais moi fondre\",\"isPartOf\":{\"@id\":\"https:\\\/\\\/faismoifondrebyc.com\\\/#website\"},\"primaryImageOfPage\":{\"@id\":\"https:\\\/\\\/faismoifondrebyc.com\\\/index.php\\\/product\\\/diffuseur-batonnet\\\/#primaryimage\"},\"image\":{\"@id\":\"https:\\\/\\\/faismoifondrebyc.com\\\/index.php\\\/product\\\/diffuseur-batonnet\\\/#primaryimage\"},\"thumbnailUrl\":\"https:\\\/\\\/faismoifondrebyc.com\\\/wp-content\\\/uploads\\\/2023\\\/05\\\/IMG_5390-scaled-e1685091901838.jpg\",\"datePublished\":\"2023-05-15T14:58:24+00:00\",\"dateModified\":\"2026-05-03T20:12:14+00:00\",\"description\":\"le diffuseur b\u00e2tonnet diffuse une d\u00e9licate odeur dans votre int\u00e9rieur en continue con\u00e7ues avec une base v\u00e9g\u00e9tale et des parfums de Grasse.\",\"breadcrumb\":{\"@id\":\"https:\\\/\\\/faismoifondrebyc.com\\\/index.php\\\/product\\\/diffuseur-batonnet\\\/#breadcrumb\"},\"inLanguage\":\"fr-FR\",\"potentialAction\":[{\"@type\":\"ReadAction\",\"target\":[\"https:\\\/\\\/faismoifondrebyc.com\\\/index.php\\\/product\\\/diffuseur-batonnet\\\/\"]}]},{\"@type\":\"ImageObject\",\"inLanguage\":\"fr-FR\",\"@id\":\"https:\\\/\\\/faismoifondrebyc.com\\\/index.php\\\/product\\\/diffuseur-batonnet\\\/#primaryimage\",\"url\":\"https:\\\/\\\/faismoifondrebyc.com\\\/wp-content\\\/uploads\\\/2023\\\/05\\\/IMG_5390-scaled-e1685091901838.jpg\",\"contentUrl\":\"https:\\\/\\\/faismoifondrebyc.com\\\/wp-content\\\/uploads\\\/2023\\\/05\\\/IMG_5390-scaled-e1685091901838.jpg\",\"width\":1440,\"height\":1920},{\"@type\":\"BreadcrumbList\",\"@id\":\"https:\\\/\\\/faismoifondrebyc.com\\\/index.php\\\/product\\\/diffuseur-batonnet\\\/#breadcrumb\",\"itemListElement\":[{\"@type\":\"ListItem\",\"position\":1,\"name\":\"Accueil\",\"item\":\"https:\\\/\\\/faismoifondrebyc.com\\\/\"},{\"@type\":\"ListItem\",\"position\":2,\"name\":\"Boutique\",\"item\":\"https:\\\/\\\/faismoifondrebyc.com\\\/index.php\\\/boutique\\\/\"},{\"@type\":\"ListItem\",\"position\":3,\"name\":\"Diffuseur b\u00e2tonnet\"}]},{\"@type\":\"WebSite\",\"@id\":\"https:\\\/\\\/faismoifondrebyc.com\\\/#website\",\"url\":\"https:\\\/\\\/faismoifondrebyc.com\\\/\",\"name\":\"Fais moi fondre by C\",\"description\":\"cr\u00e9atrice de senteurs\",\"publisher\":{\"@id\":\"https:\\\/\\\/faismoifondrebyc.com\\\/#organization\"},\"potentialAction\":[{\"@type\":\"SearchAction\",\"target\":{\"@type\":\"EntryPoint\",\"urlTemplate\":\"https:\\\/\\\/faismoifondrebyc.com\\\/?s={search_term_string}\"},\"query-input\":{\"@type\":\"PropertyValueSpecification\",\"valueRequired\":true,\"valueName\":\"search_term_string\"}}],\"inLanguage\":\"fr-FR\"},{\"@type\":\"Organization\",\"@id\":\"https:\\\/\\\/faismoifondrebyc.com\\\/#organization\",\"name\":\"Fais moi fondre by C\",\"url\":\"https:\\\/\\\/faismoifondrebyc.com\\\/\",\"logo\":{\"@type\":\"ImageObject\",\"inLanguage\":\"fr-FR\",\"@id\":\"https:\\\/\\\/faismoifondrebyc.com\\\/#\\\/schema\\\/logo\\\/image\\\/\",\"url\":\"https:\\\/\\\/faismoifondrebyc.com\\\/wp-content\\\/uploads\\\/2023\\\/03\\\/cropped-Sans-titre-1.png\",\"contentUrl\":\"https:\\\/\\\/faismoifondrebyc.com\\\/wp-content\\\/uploads\\\/2023\\\/03\\\/cropped-Sans-titre-1.png\",\"width\":1080,\"height\":1080,\"caption\":\"Fais moi fondre by C\"},\"image\":{\"@id\":\"https:\\\/\\\/faismoifondrebyc.com\\\/#\\\/schema\\\/logo\\\/image\\\/\"},\"sameAs\":[\"https:\\\/\\\/www.facebook.com\\\/faismoifondrebyC\",\"https:\\\/\\\/www.instagram.com\\\/faismoifondrebyc\\\/\"]}]}<\/script>\n<!-- \/ Yoast SEO plugin. -->","yoast_head_json":{"title":"Diffuseur b\u00e2tonnet - Fais moi fondre","description":"le diffuseur b\u00e2tonnet diffuse une d\u00e9licate odeur dans votre int\u00e9rieur en continue con\u00e7ues avec une base v\u00e9g\u00e9tale et des parfums de Grasse.","robots":{"index":"index","follow":"follow","max-snippet":"max-snippet:-1","max-image-preview":"max-image-preview:large","max-video-preview":"max-video-preview:-1"},"canonical":"https:\/\/faismoifondrebyc.com\/index.php\/product\/diffuseur-batonnet\/","og_locale":"fr_FR","og_type":"article","og_title":"Diffuseur b\u00e2tonnet - Fais moi fondre","og_description":"le diffuseur b\u00e2tonnet diffuse une d\u00e9licate odeur dans votre int\u00e9rieur en continue con\u00e7ues avec une base v\u00e9g\u00e9tale et des parfums de Grasse.","og_url":"https:\/\/faismoifondrebyc.com\/index.php\/product\/diffuseur-batonnet\/","og_site_name":"Fais moi fondre","article_publisher":"https:\/\/www.facebook.com\/faismoifondrebyC","article_modified_time":"2026-05-03T20:12:14+00:00","og_image":[{"width":1440,"height":1920,"url":"https:\/\/faismoifondrebyc.com\/wp-content\/uploads\/2023\/05\/IMG_5390-scaled-e1685091901838.jpg","type":"image\/jpeg"}],"twitter_card":"summary_large_image","twitter_misc":{"Dur\u00e9e de lecture estim\u00e9e":"2 minutes"},"schema":{"@context":"https:\/\/schema.org","@graph":[{"@type":"WebPage","@id":"https:\/\/faismoifondrebyc.com\/index.php\/product\/diffuseur-batonnet\/","url":"https:\/\/faismoifondrebyc.com\/index.php\/product\/diffuseur-batonnet\/","name":"Diffuseur b\u00e2tonnet - Fais moi fondre","isPartOf":{"@id":"https:\/\/faismoifondrebyc.com\/#website"},"primaryImageOfPage":{"@id":"https:\/\/faismoifondrebyc.com\/index.php\/product\/diffuseur-batonnet\/#primaryimage"},"image":{"@id":"https:\/\/faismoifondrebyc.com\/index.php\/product\/diffuseur-batonnet\/#primaryimage"},"thumbnailUrl":"https:\/\/faismoifondrebyc.com\/wp-content\/uploads\/2023\/05\/IMG_5390-scaled-e1685091901838.jpg","datePublished":"2023-05-15T14:58:24+00:00","dateModified":"2026-05-03T20:12:14+00:00","description":"le diffuseur b\u00e2tonnet diffuse une d\u00e9licate odeur dans votre int\u00e9rieur en continue con\u00e7ues avec une base v\u00e9g\u00e9tale et des parfums de Grasse.","breadcrumb":{"@id":"https:\/\/faismoifondrebyc.com\/index.php\/product\/diffuseur-batonnet\/#breadcrumb"},"inLanguage":"fr-FR","potentialAction":[{"@type":"ReadAction","target":["https:\/\/faismoifondrebyc.com\/index.php\/product\/diffuseur-batonnet\/"]}]},{"@type":"ImageObject","inLanguage":"fr-FR","@id":"https:\/\/faismoifondrebyc.com\/index.php\/product\/diffuseur-batonnet\/#primaryimage","url":"https:\/\/faismoifondrebyc.com\/wp-content\/uploads\/2023\/05\/IMG_5390-scaled-e1685091901838.jpg","contentUrl":"https:\/\/faismoifondrebyc.com\/wp-content\/uploads\/2023\/05\/IMG_5390-scaled-e1685091901838.jpg","width":1440,"height":1920},{"@type":"BreadcrumbList","@id":"https:\/\/faismoifondrebyc.com\/index.php\/product\/diffuseur-batonnet\/#breadcrumb","itemListElement":[{"@type":"ListItem","position":1,"name":"Accueil","item":"https:\/\/faismoifondrebyc.com\/"},{"@type":"ListItem","position":2,"name":"Boutique","item":"https:\/\/faismoifondrebyc.com\/index.php\/boutique\/"},{"@type":"ListItem","position":3,"name":"Diffuseur b\u00e2tonnet"}]},{"@type":"WebSite","@id":"https:\/\/faismoifondrebyc.com\/#website","url":"https:\/\/faismoifondrebyc.com\/","name":"Fais moi fondre by C","description":"cr\u00e9atrice de senteurs","publisher":{"@id":"https:\/\/faismoifondrebyc.com\/#organization"},"potentialAction":[{"@type":"SearchAction","target":{"@type":"EntryPoint","urlTemplate":"https:\/\/faismoifondrebyc.com\/?s={search_term_string}"},"query-input":{"@type":"PropertyValueSpecification","valueRequired":true,"valueName":"search_term_string"}}],"inLanguage":"fr-FR"},{"@type":"Organization","@id":"https:\/\/faismoifondrebyc.com\/#organization","name":"Fais moi fondre by C","url":"https:\/\/faismoifondrebyc.com\/","logo":{"@type":"ImageObject","inLanguage":"fr-FR","@id":"https:\/\/faismoifondrebyc.com\/#\/schema\/logo\/image\/","url":"https:\/\/faismoifondrebyc.com\/wp-content\/uploads\/2023\/03\/cropped-Sans-titre-1.png","contentUrl":"https:\/\/faismoifondrebyc.com\/wp-content\/uploads\/2023\/03\/cropped-Sans-titre-1.png","width":1080,"height":1080,"caption":"Fais moi fondre by C"},"image":{"@id":"https:\/\/faismoifondrebyc.com\/#\/schema\/logo\/image\/"},"sameAs":["https:\/\/www.facebook.com\/faismoifondrebyC","https:\/\/www.instagram.com\/faismoifondrebyc\/"]}]}},"_links":{"self":[{"href":"https:\/\/faismoifondrebyc.com\/index.php\/wp-json\/wp\/v2\/product\/3437","targetHints":{"allow":["GET"]}}],"collection":[{"href":"https:\/\/faismoifondrebyc.com\/index.php\/wp-json\/wp\/v2\/product"}],"about":[{"href":"https:\/\/faismoifondrebyc.com\/index.php\/wp-json\/wp\/v2\/types\/product"}],"version-history":[{"count":1,"href":"https:\/\/faismoifondrebyc.com\/index.php\/wp-json\/wp\/v2\/product\/3437\/revisions"}],"predecessor-version":[{"id":5974,"href":"https:\/\/faismoifondrebyc.com\/index.php\/wp-json\/wp\/v2\/product\/3437\/revisions\/5974"}],"wp:featuredmedia":[{"embeddable":true,"href":"https:\/\/faismoifondrebyc.com\/index.php\/wp-json\/wp\/v2\/media\/3452"}],"wp:attachment":[{"href":"https:\/\/faismoifondrebyc.com\/index.php\/wp-json\/wp\/v2\/media?parent=3437"}],"wp:term":[{"taxonomy":"product_brand","embeddable":true,"href":"https:\/\/faismoifondrebyc.com\/index.php\/wp-json\/wp\/v2\/product_brand?post=3437"},{"taxonomy":"product_cat","embeddable":true,"href":"https:\/\/faismoifondrebyc.com\/index.php\/wp-json\/wp\/v2\/product_cat?post=3437"},{"taxonomy":"product_tag","embeddable":true,"href":"https:\/\/faismoifondrebyc.com\/index.php\/wp-json\/wp\/v2\/product_tag?post=3437"}],"curies":[{"name":"wp","href":"https:\/\/api.w.org\/{rel}","templated":true}]}}