{"id":3291,"date":"2023-04-25T11:03:26","date_gmt":"2023-04-25T09:03:26","guid":{"rendered":"https:\/\/faismoifondrebyc.com\/?post_type=product&#038;p=3291"},"modified":"2025-01-22T13:47:22","modified_gmt":"2025-01-22T12:47:22","slug":"pack-decouverte","status":"publish","type":"product","link":"https:\/\/faismoifondrebyc.com\/index.php\/product\/pack-decouverte\/","title":{"rendered":"Pack d\u00e9couverte"},"content":{"rendered":"<h6>Le pack d\u00e9couverte \u00a0de 5 poudres parfum\u00e9es de 50G est la fa\u00e7on la plus \u00e9conomique de tester efficacement et durablement les poudres parfum\u00e9es avec diff\u00e9rentes senteurs parmi les 30 permanentes ! Une senteur par cat\u00e9gorie, al\u00e9atoire.<\/h6>\n<p>Une odeur d\u00e9sagr\u00e9able dans la poubelle? Un placard qui sent le renferm\u00e9? Un accident sur le tapis ou matelas? Ou tout simplement pour assainir et parfumer voter int\u00e9rieur au moment de la corv\u00e9e d\u2019aspirateur.\u00a0Essayer la poudre parfum\u00e9e c\u2019est l\u2019adopter. Vous ne pourrez plus vous en passer.<\/p>\n<p>Le pack d\u00e9couverte comprend les odeurs du moment dans des pots de 50g chacun pr\u00e9senter dans un contenant en plastique recycl\u00e9 et recyclable.<\/p>\n<p>Les parfums changent r\u00e9guli\u00e8rement au m\u00eame rythme que <a href=\"https:\/\/faismoifondrebyc.com\/index.php\/product\/diffuseur-voiture\/\">les diffuseurs voiture<\/a>. En compl\u00e9ment de\u00a0<a href=\"https:\/\/faismoifondrebyc.com\/index.php\/product-category\/fondants-parfumes\/\">Fondant parfum\u00e9 <\/a>\u00e0 utiliser dans\u00a0 <a href=\"https:\/\/faismoifondrebyc.com\/index.php\/product-category\/brules-parfum\/\">un br\u00fbleur<\/a> avec <a href=\"https:\/\/faismoifondrebyc.com\/index.php\/product\/bougie-chauffe-plat\/\">une bougie chauffe-plat.<\/a><\/p>\n<h6>Poudre Parfum\u00e9e Composition 100% Naturel :<\/h6>\n<ul>\n<li>Bicarbonate de soude premium bio<\/li>\n<li>Fragrances de Grasse<\/li>\n<\/ul>\n<h6>Pour Parfumer Et D\u00e9sodoriser L\u2019atmosph\u00e8re:<\/h6>\n<p>Pour cela, il suffit d\u2019ouvrir le sachet et de mettre la valeur de 3 cuill\u00e8res de poudre dans le sac de votre aspirateur ou directement sur le sol puis de l\u2019aspirer.<\/p>\n<h6>Parfumer Et D\u00e9sodoriser Les Placards Pour \u00c9viter Les Odeurs De Renferm\u00e9 :<\/h6>\n<p>Mettre 10 cuill\u00e8res \u00e0 soupe de poudre parfum\u00e9 dans une coupelle. Remuer de temps en temps pour favoriser le contact du bicarbonate avec l\u2019air. Changer tous les 3 mois. Le contact du bicarbonate (qui a une structure relativement poreuse) avec l\u2019air, permet de pi\u00e9ger les odeurs et de les neutraliser.<\/p>\n<h6><span class=\"S1PPyQ\">Parfumer, Assainir Et D\u00e9sodoriser Les Matelas, Oreillers, Canap\u00e9<\/span><\/h6>\n<p>Saupoudrer la poudre uniform\u00e9ment sur le matelas et l\u2019oreiller, et bien r\u00e9partir en brossant l\u00e9g\u00e8rement pour faire p\u00e9n\u00e9trer dans les fibres. Laisser agir de 4 heures, puis aspirer. Le bicarbonate stoppe imm\u00e9diatement le d\u00e9veloppement des acariens et des moisissures responsables de la formation des allerg\u00e8nes. M\u00eame apr\u00e8s aspiration, les fines particules de bicarbonate qui restent vont freiner la r\u00e9apparition des colonies d\u2019acariens et la croissance des moisissures.<\/p>\n","protected":false},"excerpt":{"rendered":"<p>Vous voulez essayer la poudre parfum\u00e9e ? voici la fa\u00e7on la plus \u00e9conomique de les tester dans un pack d\u00e9couverte de 5 poudres de 50g<\/p>\n<p>&nbsp;<\/p>\n","protected":false},"featured_media":3294,"template":"","meta":{"site-sidebar-layout":"default","site-content-layout":"default","ast-site-content-layout":"default","site-content-style":"default","site-sidebar-style":"default","ast-global-header-display":"","ast-banner-title-visibility":"","ast-main-header-display":"","ast-hfb-above-header-display":"","ast-hfb-below-header-display":"","ast-hfb-mobile-header-display":"","site-post-title":"","ast-breadcrumbs-content":"","ast-featured-img":"","footer-sml-layout":"","ast-disable-related-posts":"","theme-transparent-header-meta":"default","adv-header-id-meta":"","stick-header-meta":"","header-above-stick-meta":"","header-main-stick-meta":"","header-below-stick-meta":"","astra-migrate-meta-layouts":"set","ast-page-background-enabled":"default","ast-page-background-meta":{"desktop":{"background-color":"var(--ast-global-color-4)","background-image":"","background-repeat":"repeat","background-position":"center center","background-size":"auto","background-attachment":"scroll","background-type":"","background-media":"","overlay-type":"","overlay-color":"","overlay-opacity":"","overlay-gradient":""},"tablet":{"background-color":"","background-image":"","background-repeat":"repeat","background-position":"center center","background-size":"auto","background-attachment":"scroll","background-type":"","background-media":"","overlay-type":"","overlay-color":"","overlay-opacity":"","overlay-gradient":""},"mobile":{"background-color":"","background-image":"","background-repeat":"repeat","background-position":"center center","background-size":"auto","background-attachment":"scroll","background-type":"","background-media":"","overlay-type":"","overlay-color":"","overlay-opacity":"","overlay-gradient":""}},"ast-content-background-meta":{"desktop":{"background-color":"var(--ast-global-color-5)","background-image":"","background-repeat":"repeat","background-position":"center center","background-size":"auto","background-attachment":"scroll","background-type":"","background-media":"","overlay-type":"","overlay-color":"","overlay-opacity":"","overlay-gradient":""},"tablet":{"background-color":"var(--ast-global-color-5)","background-image":"","background-repeat":"repeat","background-position":"center center","background-size":"auto","background-attachment":"scroll","background-type":"","background-media":"","overlay-type":"","overlay-color":"","overlay-opacity":"","overlay-gradient":""},"mobile":{"background-color":"var(--ast-global-color-5)","background-image":"","background-repeat":"repeat","background-position":"center center","background-size":"auto","background-attachment":"scroll","background-type":"","background-media":"","overlay-type":"","overlay-color":"","overlay-opacity":"","overlay-gradient":""}}},"product_brand":[],"product_cat":[26],"product_tag":[],"class_list":{"0":"post-3291","1":"product","2":"type-product","3":"status-publish","4":"has-post-thumbnail","6":"product_cat-diffuseur-parfume","7":"desktop-align-left","8":"tablet-align-left","9":"mobile-align-left","10":"ast-product-gallery-layout-horizontal-slider","11":"ast-product-tabs-layout-horizontal","13":"first","14":"instock","15":"shipping-taxable","16":"purchasable","17":"product-type-simple"},"yoast_head":"<!-- This site is optimized with the Yoast SEO plugin v27.4 - https:\/\/yoast.com\/product\/yoast-seo-wordpress\/ -->\n<title>Pack d\u00e9couverte - Fais moi fondre<\/title>\n<meta name=\"description\" content=\"Vous voulez essayer la poudre parfum\u00e9e ? voici la fa\u00e7on la plus \u00e9conomique de les tester dans un pack d\u00e9couverte avec les senteurs du moment.\" \/>\n<meta name=\"robots\" content=\"index, follow, max-snippet:-1, max-image-preview:large, max-video-preview:-1\" \/>\n<link rel=\"canonical\" href=\"https:\/\/faismoifondrebyc.com\/index.php\/product\/pack-decouverte\/\" \/>\n<meta property=\"og:locale\" content=\"fr_FR\" \/>\n<meta property=\"og:type\" content=\"article\" \/>\n<meta property=\"og:title\" content=\"Pack d\u00e9couverte - Fais moi fondre\" \/>\n<meta property=\"og:description\" content=\"Vous voulez essayer la poudre parfum\u00e9e ? voici la fa\u00e7on la plus \u00e9conomique de les tester dans un pack d\u00e9couverte avec les senteurs du moment.\" \/>\n<meta property=\"og:url\" content=\"https:\/\/faismoifondrebyc.com\/index.php\/product\/pack-decouverte\/\" \/>\n<meta property=\"og:site_name\" content=\"Fais moi fondre\" \/>\n<meta property=\"article:publisher\" content=\"https:\/\/www.facebook.com\/faismoifondrebyC\" \/>\n<meta property=\"article:modified_time\" content=\"2025-01-22T12:47:22+00:00\" \/>\n<meta property=\"og:image\" content=\"https:\/\/faismoifondrebyc.com\/wp-content\/uploads\/2023\/04\/IMG_9105-scaled-e1685092766983.jpeg\" \/>\n\t<meta property=\"og:image:width\" content=\"1440\" \/>\n\t<meta property=\"og:image:height\" content=\"1920\" \/>\n\t<meta property=\"og:image:type\" content=\"image\/jpeg\" \/>\n<meta name=\"twitter:card\" content=\"summary_large_image\" \/>\n<meta name=\"twitter:label1\" content=\"Dur\u00e9e de lecture estim\u00e9e\" \/>\n\t<meta name=\"twitter:data1\" content=\"2 minutes\" \/>\n<script type=\"application\/ld+json\" class=\"yoast-schema-graph\">{\"@context\":\"https:\\\/\\\/schema.org\",\"@graph\":[{\"@type\":\"WebPage\",\"@id\":\"https:\\\/\\\/faismoifondrebyc.com\\\/index.php\\\/product\\\/pack-decouverte\\\/\",\"url\":\"https:\\\/\\\/faismoifondrebyc.com\\\/index.php\\\/product\\\/pack-decouverte\\\/\",\"name\":\"Pack d\u00e9couverte - Fais moi fondre\",\"isPartOf\":{\"@id\":\"https:\\\/\\\/faismoifondrebyc.com\\\/#website\"},\"primaryImageOfPage\":{\"@id\":\"https:\\\/\\\/faismoifondrebyc.com\\\/index.php\\\/product\\\/pack-decouverte\\\/#primaryimage\"},\"image\":{\"@id\":\"https:\\\/\\\/faismoifondrebyc.com\\\/index.php\\\/product\\\/pack-decouverte\\\/#primaryimage\"},\"thumbnailUrl\":\"https:\\\/\\\/faismoifondrebyc.com\\\/wp-content\\\/uploads\\\/2023\\\/04\\\/IMG_9105-scaled-e1685092766983.jpeg\",\"datePublished\":\"2023-04-25T09:03:26+00:00\",\"dateModified\":\"2025-01-22T12:47:22+00:00\",\"description\":\"Vous voulez essayer la poudre parfum\u00e9e ? voici la fa\u00e7on la plus \u00e9conomique de les tester dans un pack d\u00e9couverte avec les senteurs du moment.\",\"breadcrumb\":{\"@id\":\"https:\\\/\\\/faismoifondrebyc.com\\\/index.php\\\/product\\\/pack-decouverte\\\/#breadcrumb\"},\"inLanguage\":\"fr-FR\",\"potentialAction\":[{\"@type\":\"ReadAction\",\"target\":[\"https:\\\/\\\/faismoifondrebyc.com\\\/index.php\\\/product\\\/pack-decouverte\\\/\"]}]},{\"@type\":\"ImageObject\",\"inLanguage\":\"fr-FR\",\"@id\":\"https:\\\/\\\/faismoifondrebyc.com\\\/index.php\\\/product\\\/pack-decouverte\\\/#primaryimage\",\"url\":\"https:\\\/\\\/faismoifondrebyc.com\\\/wp-content\\\/uploads\\\/2023\\\/04\\\/IMG_9105-scaled-e1685092766983.jpeg\",\"contentUrl\":\"https:\\\/\\\/faismoifondrebyc.com\\\/wp-content\\\/uploads\\\/2023\\\/04\\\/IMG_9105-scaled-e1685092766983.jpeg\",\"width\":1440,\"height\":1920},{\"@type\":\"BreadcrumbList\",\"@id\":\"https:\\\/\\\/faismoifondrebyc.com\\\/index.php\\\/product\\\/pack-decouverte\\\/#breadcrumb\",\"itemListElement\":[{\"@type\":\"ListItem\",\"position\":1,\"name\":\"Accueil\",\"item\":\"https:\\\/\\\/faismoifondrebyc.com\\\/\"},{\"@type\":\"ListItem\",\"position\":2,\"name\":\"Boutique\",\"item\":\"https:\\\/\\\/faismoifondrebyc.com\\\/index.php\\\/boutique\\\/\"},{\"@type\":\"ListItem\",\"position\":3,\"name\":\"Pack d\u00e9couverte\"}]},{\"@type\":\"WebSite\",\"@id\":\"https:\\\/\\\/faismoifondrebyc.com\\\/#website\",\"url\":\"https:\\\/\\\/faismoifondrebyc.com\\\/\",\"name\":\"Fais moi fondre by C\",\"description\":\"cr\u00e9atrice de senteurs\",\"publisher\":{\"@id\":\"https:\\\/\\\/faismoifondrebyc.com\\\/#organization\"},\"potentialAction\":[{\"@type\":\"SearchAction\",\"target\":{\"@type\":\"EntryPoint\",\"urlTemplate\":\"https:\\\/\\\/faismoifondrebyc.com\\\/?s={search_term_string}\"},\"query-input\":{\"@type\":\"PropertyValueSpecification\",\"valueRequired\":true,\"valueName\":\"search_term_string\"}}],\"inLanguage\":\"fr-FR\"},{\"@type\":\"Organization\",\"@id\":\"https:\\\/\\\/faismoifondrebyc.com\\\/#organization\",\"name\":\"Fais moi fondre by C\",\"url\":\"https:\\\/\\\/faismoifondrebyc.com\\\/\",\"logo\":{\"@type\":\"ImageObject\",\"inLanguage\":\"fr-FR\",\"@id\":\"https:\\\/\\\/faismoifondrebyc.com\\\/#\\\/schema\\\/logo\\\/image\\\/\",\"url\":\"https:\\\/\\\/faismoifondrebyc.com\\\/wp-content\\\/uploads\\\/2023\\\/03\\\/cropped-Sans-titre-1.png\",\"contentUrl\":\"https:\\\/\\\/faismoifondrebyc.com\\\/wp-content\\\/uploads\\\/2023\\\/03\\\/cropped-Sans-titre-1.png\",\"width\":1080,\"height\":1080,\"caption\":\"Fais moi fondre by C\"},\"image\":{\"@id\":\"https:\\\/\\\/faismoifondrebyc.com\\\/#\\\/schema\\\/logo\\\/image\\\/\"},\"sameAs\":[\"https:\\\/\\\/www.facebook.com\\\/faismoifondrebyC\",\"https:\\\/\\\/www.instagram.com\\\/faismoifondrebyc\\\/\"]}]}<\/script>\n<!-- \/ Yoast SEO plugin. -->","yoast_head_json":{"title":"Pack d\u00e9couverte - Fais moi fondre","description":"Vous voulez essayer la poudre parfum\u00e9e ? voici la fa\u00e7on la plus \u00e9conomique de les tester dans un pack d\u00e9couverte avec les senteurs du moment.","robots":{"index":"index","follow":"follow","max-snippet":"max-snippet:-1","max-image-preview":"max-image-preview:large","max-video-preview":"max-video-preview:-1"},"canonical":"https:\/\/faismoifondrebyc.com\/index.php\/product\/pack-decouverte\/","og_locale":"fr_FR","og_type":"article","og_title":"Pack d\u00e9couverte - Fais moi fondre","og_description":"Vous voulez essayer la poudre parfum\u00e9e ? voici la fa\u00e7on la plus \u00e9conomique de les tester dans un pack d\u00e9couverte avec les senteurs du moment.","og_url":"https:\/\/faismoifondrebyc.com\/index.php\/product\/pack-decouverte\/","og_site_name":"Fais moi fondre","article_publisher":"https:\/\/www.facebook.com\/faismoifondrebyC","article_modified_time":"2025-01-22T12:47:22+00:00","og_image":[{"width":1440,"height":1920,"url":"https:\/\/faismoifondrebyc.com\/wp-content\/uploads\/2023\/04\/IMG_9105-scaled-e1685092766983.jpeg","type":"image\/jpeg"}],"twitter_card":"summary_large_image","twitter_misc":{"Dur\u00e9e de lecture estim\u00e9e":"2 minutes"},"schema":{"@context":"https:\/\/schema.org","@graph":[{"@type":"WebPage","@id":"https:\/\/faismoifondrebyc.com\/index.php\/product\/pack-decouverte\/","url":"https:\/\/faismoifondrebyc.com\/index.php\/product\/pack-decouverte\/","name":"Pack d\u00e9couverte - Fais moi fondre","isPartOf":{"@id":"https:\/\/faismoifondrebyc.com\/#website"},"primaryImageOfPage":{"@id":"https:\/\/faismoifondrebyc.com\/index.php\/product\/pack-decouverte\/#primaryimage"},"image":{"@id":"https:\/\/faismoifondrebyc.com\/index.php\/product\/pack-decouverte\/#primaryimage"},"thumbnailUrl":"https:\/\/faismoifondrebyc.com\/wp-content\/uploads\/2023\/04\/IMG_9105-scaled-e1685092766983.jpeg","datePublished":"2023-04-25T09:03:26+00:00","dateModified":"2025-01-22T12:47:22+00:00","description":"Vous voulez essayer la poudre parfum\u00e9e ? voici la fa\u00e7on la plus \u00e9conomique de les tester dans un pack d\u00e9couverte avec les senteurs du moment.","breadcrumb":{"@id":"https:\/\/faismoifondrebyc.com\/index.php\/product\/pack-decouverte\/#breadcrumb"},"inLanguage":"fr-FR","potentialAction":[{"@type":"ReadAction","target":["https:\/\/faismoifondrebyc.com\/index.php\/product\/pack-decouverte\/"]}]},{"@type":"ImageObject","inLanguage":"fr-FR","@id":"https:\/\/faismoifondrebyc.com\/index.php\/product\/pack-decouverte\/#primaryimage","url":"https:\/\/faismoifondrebyc.com\/wp-content\/uploads\/2023\/04\/IMG_9105-scaled-e1685092766983.jpeg","contentUrl":"https:\/\/faismoifondrebyc.com\/wp-content\/uploads\/2023\/04\/IMG_9105-scaled-e1685092766983.jpeg","width":1440,"height":1920},{"@type":"BreadcrumbList","@id":"https:\/\/faismoifondrebyc.com\/index.php\/product\/pack-decouverte\/#breadcrumb","itemListElement":[{"@type":"ListItem","position":1,"name":"Accueil","item":"https:\/\/faismoifondrebyc.com\/"},{"@type":"ListItem","position":2,"name":"Boutique","item":"https:\/\/faismoifondrebyc.com\/index.php\/boutique\/"},{"@type":"ListItem","position":3,"name":"Pack d\u00e9couverte"}]},{"@type":"WebSite","@id":"https:\/\/faismoifondrebyc.com\/#website","url":"https:\/\/faismoifondrebyc.com\/","name":"Fais moi fondre by C","description":"cr\u00e9atrice de senteurs","publisher":{"@id":"https:\/\/faismoifondrebyc.com\/#organization"},"potentialAction":[{"@type":"SearchAction","target":{"@type":"EntryPoint","urlTemplate":"https:\/\/faismoifondrebyc.com\/?s={search_term_string}"},"query-input":{"@type":"PropertyValueSpecification","valueRequired":true,"valueName":"search_term_string"}}],"inLanguage":"fr-FR"},{"@type":"Organization","@id":"https:\/\/faismoifondrebyc.com\/#organization","name":"Fais moi fondre by C","url":"https:\/\/faismoifondrebyc.com\/","logo":{"@type":"ImageObject","inLanguage":"fr-FR","@id":"https:\/\/faismoifondrebyc.com\/#\/schema\/logo\/image\/","url":"https:\/\/faismoifondrebyc.com\/wp-content\/uploads\/2023\/03\/cropped-Sans-titre-1.png","contentUrl":"https:\/\/faismoifondrebyc.com\/wp-content\/uploads\/2023\/03\/cropped-Sans-titre-1.png","width":1080,"height":1080,"caption":"Fais moi fondre by C"},"image":{"@id":"https:\/\/faismoifondrebyc.com\/#\/schema\/logo\/image\/"},"sameAs":["https:\/\/www.facebook.com\/faismoifondrebyC","https:\/\/www.instagram.com\/faismoifondrebyc\/"]}]}},"_links":{"self":[{"href":"https:\/\/faismoifondrebyc.com\/index.php\/wp-json\/wp\/v2\/product\/3291","targetHints":{"allow":["GET"]}}],"collection":[{"href":"https:\/\/faismoifondrebyc.com\/index.php\/wp-json\/wp\/v2\/product"}],"about":[{"href":"https:\/\/faismoifondrebyc.com\/index.php\/wp-json\/wp\/v2\/types\/product"}],"version-history":[{"count":1,"href":"https:\/\/faismoifondrebyc.com\/index.php\/wp-json\/wp\/v2\/product\/3291\/revisions"}],"predecessor-version":[{"id":5977,"href":"https:\/\/faismoifondrebyc.com\/index.php\/wp-json\/wp\/v2\/product\/3291\/revisions\/5977"}],"wp:featuredmedia":[{"embeddable":true,"href":"https:\/\/faismoifondrebyc.com\/index.php\/wp-json\/wp\/v2\/media\/3294"}],"wp:attachment":[{"href":"https:\/\/faismoifondrebyc.com\/index.php\/wp-json\/wp\/v2\/media?parent=3291"}],"wp:term":[{"taxonomy":"product_brand","embeddable":true,"href":"https:\/\/faismoifondrebyc.com\/index.php\/wp-json\/wp\/v2\/product_brand?post=3291"},{"taxonomy":"product_cat","embeddable":true,"href":"https:\/\/faismoifondrebyc.com\/index.php\/wp-json\/wp\/v2\/product_cat?post=3291"},{"taxonomy":"product_tag","embeddable":true,"href":"https:\/\/faismoifondrebyc.com\/index.php\/wp-json\/wp\/v2\/product_tag?post=3291"}],"curies":[{"name":"wp","href":"https:\/\/api.w.org\/{rel}","templated":true}]}}